d1b9
In base 7, what is -2410334006 + 0?
-2410334006
In base 2, what is -100000100111110 + -10111110?
-100000111111100
In base 6, what is -3150135 - 11?
-3150150
In base 12, what is 485548 + -13?
485535
In base 6, what is 214034013 - 143?
214033430
In base 13, what is 1cb269 + c7?
1cb363
In base 4, what is -3003223230203 - 2?
-3003223230211
In base 16, what is 29f07a0b + -5?
29f07a06
In base 2, what is 1010011100 + -1100111101011?
-1011101001111
In base 7, what is -356 + 3026505?
3026116
In base 4, what is 220330132031 + -10?
220330132021
In base 10, what is -15 - -3929780?
3929765
In base 5, what is 120103340 - 3?
120103332
In base 14, what is c3d1 - 1ba?
c215
In base 12, what is 102bb3 - 1a6?
102a09
In base 3, what is 2010 + -1200121200?
-1200112120
In base 6, what is 41344042443 - -5?
41344042452
In base 12, what is 23635ab - 1?
23635aa
In base 6, what is 253 - -54115421?
54120114
In base 2, what is -110000001011100110100111 - -11?
-110000001011100110100100
In base 6, what is -4 + 4512511?
4512503
In base 11, what is 23 + 11aa3156?
11aa3179
In base 11, what is 3689 + 3710?
7299
In base 9, what is -7537141626 + 5?
-7537141621
In base 14, what is 0 + -1195525c?
-1195525c
In base 11, what is -506991 - 4?
-506995
In base 16, what is -5 + db22eeb?
db22ee6
In base 5, what is -12024040 - 213133?
-12242223
In base 7, what is 2 + 1063125165?
1063125200
In base 3, what is -10002112202 - 11222?
-10002201201
In base 8, what is 2675345 + 0?
2675345
In base 2, what is 111101010101111010110 + -111001011?
111101010101000001011
In base 2, what is -100000010 + -10100001011100000101?
-10100001100000000111
In base 13, what is 0 + -128b01?
-128b01
In base 9, what is -1655886 - -71?
-1655815
In base 8, what is -445072 - 152?
-445244
In base 9, what is 3 + 232448670?
232448673
In base 8, what is -3 + -1062505404?
-1062505407
In base 14, what is 13 + -49124c7?
-49124b4
In base 10, what is 0 + 2210965?
2210965
In base 12, what is -3a200 - -33?
-3a189
In base 4, what is -3000232031321 + 0?
-3000232031321
In base 14, what is 1c3 + -144d?
-126a
In base 12, what is -3 + 2485673?
2485670
In base 12, what is -6679a + -21?
-667bb
In base 8, what is 1 - -3126347?
3126350
In base 13, what is c979a + b99?
ca666
In base 11, what is 17a32334 - 1?
17a32333
In base 11, what is 3150 - -75668?
78808
In base 12, what is 25b - -53a4?
5643
In base 16, what is 63 - -1f432?
1f495
In base 8, what is 144 - -7243642?
7244006
In base 6, what is 200 - -11544421?
11545021
In base 2, what is -110101101000001 + -1001101?
-110101110001110
In base 11, what is -33a94 - a3a?
-34a23
In base 11, what is -3 - -1064000?
1063aa8
In base 8, what is 14121625 - 10?
14121615
In base 14, what is 1 + -8d678b?
-8d678a
In base 12, what is -472a988 + 4?
-472a984
In base 4, what is -1221320030012 + -10?
-1221320030022
In base 12, what is -ab4031 + -48?
-ab4079
In base 13, what is 633951 - 4?
63394a
In base 13, what is -c + -63c870?
-63c87c
In base 16, what is -2 + -189785f?
-1897861
In base 7, what is -2 + -1152506224?
-1152506226
In base 13, what is 703 - 126567?
-125b64
In base 4, what is 2 - 323312123313?
-323312123311
In base 6, what is 1100 + 10234434?
10235534
In base 6, what is -2 + -10442445151?
-10442445153
In base 5, what is -1432 + -1312333?
-1314320
In base 2, what is -1100111111111100000110 - -100?
-1100111111111100000010
In base 14, what is 0 - 9802634?
-9802634
In base 5, what is -344320310 + 22?
-344320233
In base 2, what is -110010111000101 + -11111001001?
-110110110001110
In base 10, what is 521 + 676811?
677332
In base 16, what is 4f490 + -21?
4f46f
In base 5, what is 2331011 + -122120?
2203341
In base 11, what is 168056a0 + 1?
168056a1
In base 6, what is -215111 + 11135?
-203532
In base 9, what is -4 + 4126031?
4126026
In base 10, what is 756 + -432721?
-431965
In base 8, what is -2 + 66354776?
66354774
In base 9, what is 78841302 - -3?
78841305
In base 11, what is -1 - 11a428210?
-11a428211
In base 16, what is 18aa - 1826b?
-169c1
In base 3, what is -1111100 + -21210110222?
-21211222022
In base 9, what is 20804 + 2566?
23471
In base 14, what is -8b08c45 + -4?
-8b08c49
In base 4, what is 100120031 - -3022?
100123113
In base 15, what is a11935e3 - 2?
a11935e1
In base 12, what is 232936a + -5?
2329365
In base 9, what is 21 - -17768380?
17768411
In base 15, what is -2661 + d?
-2653
In base 9, what is 1351387 - 5?
1351382
In base 12, what is 1328a6 + -12?
132894
In base 10, what is 264 + -33054?
-32790
In base 9, what is -103 - 2350272?
-2350375
In base 9, what is -4 + -26162804?
-26162808
In base 13, what is 2 + 2b881b04?
2b881b06
In base 5, what is 143 - -211133243?
211133441
In base 8, what is 412155 - -262?
412437
In base 10, what is -172719 + 52?
-172667
In base 8, what is 25544576 + -172?
25544404
In base 4, what is -31302101300010 + 10?
-31302101300000
In base 10, what is 59924 - 2918?
57006
In base 11, what is -6a - -269081?
269012
In base 2, what is -1000000010111 + 10100001101100?
1100001010101
In base 5, what is -1243443044 - -4?
-1243443040
In base 6, what is -43325 - 15204?
-102533
In base 15, what is 2050 + -1498?
aa7
In base 8, what is -2350521 - 376?
-2351117
In base 13, what is -14 + -4c7a20?
-4c7a34
In base 8, what is -5 - -6116756?
6116751
In base 14, what is -1b + -ba6aa3?
-ba6ac0
In base 11, what is -4843657 - a?
-4843666
In base 10, what is -636964 + -348?
-637312
In base 9, what is 14 - -71070170?
71070184
In base 15, what is 2eac92 + -360?
2ea932
In base 3, what is 1112112021120 - 1?
1112112021112
In base 12, what is 1055 + 39269?
3a302
In base 7, what is 2023 + 5235?
10261
In base 11, what is 23591 + 12?
235a3
In base 15, what is -e71a - -81?
-e689
In base 16, what is -20e7992 - 12?
-20e79a4
In base 16, what is -f878 + -15?
-f88d
In base 10, what is 12294 - -3469?
15763
In base 6, what is 3200333 + -33?
3200300
In base 5, what is 1220 - 1341300323?
-1341244103
In base 12, what is 0 - -b7507b?
b7507b
In base 10, what is 12 + 3460187?
3460199
In base 14, what is 5 + -8dd3c?
-8dd37
In base 10, what is -7759 + -1019?
-8778
In base 9, what is 45 + -11127221?
-11127165
In base 13, what is -1b445 + 440?
-1b005
In base 16, what is -5157 - 0?
-5157
In base 10, what is -664 - 26442?
-27106
In base 2, what is -101110011000011101011 - 10000?
-101110011000011111011
In base 14, what is -51452b - 1?
-51452c
In base 16, what is -127fd + c0c?
-11bf1
In base 4, what is -312103 + -3220?
-321323
In base 16, what is 26 + -44813?
-447ed
In base 13, what is -1acb1b - 23a?
-1b0058
In base 7, what is 16 - -162556145?
162556164
In base 7, what is -660364 - -15?
-660346
In base 2, what is 10100101001101000010 - 101110011?
10100101000111001111
In base 4, what is -111313031 - 102?
-111313133
In base 14, what is 70c4 - -6092?
d176
In base 6, what is 123403 - -1020?
124423
In base 2, what is -11 - -1101111001111011111010010101?
1101111001111011111010010010
In base 12, what is b6a3bb5b - 5?
b6a3bb56
In base 13, what is 6546 + 275?
67bb
In base 2, what is 111000000011010 - -111101011?
111001000000101
In base 14, what is -2a4 - 46a3?
-4967
In base 5, what is 2202332320 - -1?
2202332321
In base 4, what is 1 + 231211011222?
231211011223
In base 4, what is -11211033 + 2231023?
-2320010
In base 15, what is -3c30b + -e?
-3c31a
In base 2, what is 1001111100110001011 - 11011?
1001111100101110000
In base 12, what is 4 - 76953?
-7694b
In base 3, what is -101122021 - -112220?
-101002101
In base 15, what is -33 - -cdc94?
cdc61
In base 10, what is -298237 + 39?
-298198
In base 8, what is -262 - -44256?
43774
In base 7, what is -13056265023 + 1?
-13056265022
In base 16, what is 781a + 10df?
88f9
In base 4, what is -10013 - 302322223?
-302332302
In base 14, what is -d85786c + 6?
-d857866
In base 16, what is 4 + -28cc80?
-28cc7c
In base 10, what is -36498999 + 5?
-36498994
In base 16, what is -afa4f - 105?
-afb54
In base 5, what is -240144 + 23043?
-212101
In base 12, what is 3 - 248437?
-248434
In base 13, what is -1356 + 4b319?
49c93
In base 8, what is 504 - 432546?
-432042
In base 9, what is 13685 - 3330?
10355
In base 7, what is 1343 - 163510?
-162134
In base 8, what is -30547300 + 5?
-30547273
In base 10, what is 12946 + 9035?
21981
In base 5, what is 0 - 1213202200?
-1213202200
In base 6, what is -3 - -113425